Give z(-20).
-8
Let r(z) = -z + 9. Give r(5).
4
Let o(p) = -2*p**2 - 12*p - 7. Determine o(-5).
3
Let o(c) = -18*c + 159. Calculate o(7).
33
Let z(a) = 2*a**3 + 16*a**2 - 38*a + 9. Calculate z(-10).
-11
Let x(f) = f**3 - 5*f**2 - 16*f + 23. What is x(7)?
9
Let r(f) = f**3 - 10*f**2 + 7. Calculate r(10).
7
Let j(b) = 3*b - 12. Determine j(-6).
-30
Let q(w) = w**3 + 6*w**2 + 9. What is q(-7)?
-40
Let h(i) = i**3 - 20*i**2 + 81*i + 41. Calculate h(14).
-1
Let t(l) = 2*l**2 - 6*l - 1. Calculate t(6).
35
Let l(j) = -j - 2. What is l(-2)?
0
Let n(h) = 12*h**3 + h + 1. Determine n(-1).
-12
Let d(p) = -p**3 + 15*p**2 + 2*p - 32. Determine d(15).
-2
Let p(g) = -4*g**2 - g + 4. Give p(-2).
-10
Let r(v) = v + 8. What is r(10)?
18
Let l(q) = -4*q - 31. Determine l(-7).
-3
Let b(a) = -a**2 + a + 35. Determine b(0).
35
Let b(j) = 5*j - 4. Determine b(-6).
-34
Let z(t) = 3*t + 1. What is z(6)?
19
Let p(s) = s**3 + 14*s**2 + 5*s + 16. Determine p(-14).
-54
Let b(n) = -n**3 + 6*n**2 - 4*n + 7. Calculate b(2).
15
Let r(q) = -q**3 + 12*q**2 + 14*q - 7. Give r(13).
6
Let d(m) = 9*m**2 + 12*m + 11. Give d(-1).
8
Let u(t) = -t**3 + 9*t**2 - 7*t - 5. Determine u(8).
3
Let s(q) = 3*q + 4. What is s(3)?
13
Let d(n) = -n**3 - 6*n**2 - n - 7. What is d(-6)?
-1
Let y(w) = w**2 - 17*w - 28. Give y(19).
10
Let c(s) = s**2 - 10*s + 5. Give c(10).
5
Let x(a) = -3*a**2 - a - 1. Determine x(1).
-5
Let k(o) = o**3 + 9*o**2 + 9. Calculate k(-9).
9
Let y(q) = -q**3 - 44*q**2 + 146*q + 233. What is y(-47)?
-2
Let u(m) = m**3 - 10*m**2 + 3*m - 37. Calculate u(10).
-7
Let s(k) = -k**3 + 19*k**2 - 18*k - 7. Calculate s(18).
-7
Let p(o) = 10*o + 2. Give p(-2).
-18
Let n(i) = -14*i**2 - 5*i + 5. Calculate n(2).
-61
Let y(x) = -6*x + 2. Calculate y(-4).
26
Let m(n) = n**2 - 4*n - 3. Calculate m(0).
-3
Let v(x) = -2*x**2 + 13*x - 16. Give v(9).
-61
Let y(s) = 2*s**2 + 62*s + 53. Give y(-30).
-7
Let k(s) = -s**2 - 4*s + 3. Calculate k(-3).
6
Let k(s) = -s**3 - 12*s**2 - 10*s + 3. Calculate k(-11).
-8
Let k(i) = i**2 + 11*i + 9. Calculate k(-10).
-1
Let l(y) = -4*y + 39. Give l(9).
3
Let v(x) = 12*x - 32. Determine v(4).
16
Let q(g) = 12*g + 1. Determine q(1).
13
Let m(o) = -o**2 + 5*o - 3. Determine m(5).
-3
Let k(n) = n**3 + 2*n**2 - 6*n + 49. What is k(-5)?
4
Let k(l) = l**3 + 10*l**2 + 3*l - 13. What is k(-9)?
41
Let c(g) = -g**3 + 3*g**2 + 7*g - 9. Calculate c(4).
3
Let g(x) = -3*x + 14. Determine g(7).
-7
Let k(v) = v**2 + 4*v - 27. Calculate k(-8).
5
Let j(h) = 20*h - 155. Calculate j(8).
5
Let k(o) = 2*o**3 + 107*o**2 - 58*o - 218. Determine k(-54).
-2
Let i(d) = -26*d**2 - 104*d - 3. Determine i(-4).
-3
Let y(p) = -p**3 + 25*p**2 - p + 32. What is y(25)?
7
Let c(o) = -5*o - 12. What is c(-10)?
38
Let a(i) = 3*i + 15. Calculate a(5).
30
Let n(g) = 13*g**3 + 6*g**2 + 7*g + 5. Determine n(-1).
-9
Let m(k) = k**3 + 6*k**2 + 8*k + 9. Determine m(-4).
9
Let k(u) = -u**3 - 3*u**2 + 9*u - 14. Give k(2).
-16
Let m(f) = -2*f + 18. Give m(5).
8
Let a(g) = -3*g**2 + 27*g - 25. What is a(8)?
-1
Let y(u) = -5*u**3 - u**2 - u + 2. Give y(1).
-5
Let t(q) = 6*q - 5. Calculate t(6).
31
Let p(i) = -i**3 + i**2 + 4*i - 12. Determine p(2).
-8
Let z(i) = -2*i**2 + 3*i + 7. Determine z(6).
-47
Let o(t) = t**2 - 5*t - 6. Determine o(6).
0
Let x(m) = -m**3 - 3*m**2 + 8*m - 11. Give x(-5).
-1
Let d(j) = -9*j + 350. Calculate d(37).
17
Let g(j) = -2*j**3 - 3*j**2 + 3*j + 6. Calculate g(-2).
4
Let w(s) = 17*s - 465. Calculate w(26).
-23
Let u(i) = i**3 + 9*i**2 + 6*i + 13. Give u(-7).
69
Let g(j) = -j**3 - 10*j**2 - 2*j - 20. Calculate g(-10).
0
Let r(q) = 2*q + 21. Determine r(-13).
-5
Let f(v) = -v**3 + 3*v**2 + 6*v - 1. What is f(4)?
7
Let d(k) = 9*k - 15. Determine d(-6).
-69
Let l(k) = -5*k**2 - 5*k - 5. Give l(-2).
-15
Let t(l) = l**3 + 18*l**2 + 16*l - 23. Determine t(-17).
-6
Let r(m) = m**3 - 15*m**2 - 17*m + 9. Calculate r(16).
-7
Let i(d) = -6*d - 1. Determine i(-3).
17
Let z(a) = 70*a - 4. Give z(-1).
-74
Let x(m) = m**3 - 16*m**2 - 5*m + 21. Calculate x(16).
-59
Let u(g) = 2*g + 2. Give u(0).
2
Let x(r) = -r**2 + 4*r - 5. Give x(3).
-2
Let s(j) = 2*j**3 + 13*j**2 + 3*j - 12. Calculate s(-6).
6
Let n(x) = 34*x**2 + 3*x + 2. Calculate n(-1).
33
Let v(l) = -l**3 - 12*l**2 + 11*l + 22. Determine v(-12).
-110
Let q(z) = -6*z**2 - 9*z - 7. Give q(-3).
-34
Let m(y) = -y**3 + 5*y**2 - 6*y + 7. What is m(3)?
7
Let h(j) = -2*j**2 - 51*j - 23. What is h(-26)?
-49
Let w(z) = -z**3 + 12*z**2 - 28*z + 17. Determine w(9).
8
Let f(a) = a**2 + 22*a - 9. Calculate f(0).
-9
Let n(t) = -t**3 + 15*t**2 - 12. Determine n(15).
-12
Let t(o) = -o**3 - 7*o**2 + 12*o + 27. What is t(-8)?
-5
Let g(w) = -8*w**2 - 1. What is g(1)?
-9
Let h(b) = -16*b + 198. Calculate h(11).
22
Let u(v) = -v**2 + 11. What is u(-7)?
-38
Let n(q) = -q**2 - 19*q - 91. Calculate n(-7).
-7
Let b(q) = -q**2 - 23*q - 88. Give b(-18).
2
Let w(x) = -x**3 + 25*x**2 - 22*x + 21. Determine w(24).
69
Let m(i) = -i**2 - 3*i + 7. Determine m(-13).
-123
Let i(p) = -p**3 + 3*p**2 - 28*p + 26. Determine i(1).
0
Let n(o) = -6*o**2 - 10*o + 5. Calculate n(-2).
1
Let p(o) = o**3 - o + 53. Determine p(0).
53
Let m(k) = 13*k + 50. Determine m(-5).
-15
Let h(b) = -4*b + 30. Calculate h(13).
-22
Let f(g) = -g**3 - 6*g**2 + 4*g + 7. Calculate f(-5).
-38
Let i(z) = z**2 - 2*z + 7. Calculate i(0).
7
Let j(h) = 3*h**2 + 16*h + 8. Calculate j(-7).
43
Let z(s) = -s**2 + 6*s + 9. Calculate z(7).
2
Let c(s) = 13*s + 8. What is c(-1)?
-5
Let o(i) = -i**3 - 12*i**2 - 15*i - 7. Determine o(-11).
37
Let j(x) = 3*x**3 - 2*x**2 + 4. Give j(0).
4
Let g(v) = 2*v + 14. Calculate g(-11).
-8
Let z(i) = 8*i + 37. Calculate z(-6).
-11
Let s(i) = -i + 5. Give s(12).
-7
Let q(y) = -2*y**2 + 60*y - 61. Give q(1).
-3
Let f(b) = -8*b. Determine f(2).
-16
Let u(j) = j**3 + 9*j**2 + 2*j + 6. Determine u(-9).
-12
Let j(l) = -l + 17. Give j(10).
7
Let d(w) = -w**3 + 31*w**2 + 2*w - 68. Give d(31).
-6
Let b(t) = t**2 - 8*t + 10. Determine b(7).
3
Let q(t) = 19*t - 62. Give q(5).
33
Let i(k) = -k**3 - k**2 + 3*k - 5. Determine i(0).
-5
Let t(h) = -15*h**2 - 4*h + 3. What is t(-3)?
-120
Let n(a) = 10*a + 44. What is n(-7)?
-26
Let b(d) = -d**2 + 6*d + 13. What is b(7)?
6
Let w(n) = -n**3 + 18*n**2 - 6*n - 10. Calculate w(17).
177
Let d(x) = x**3 + 8*x**2 - 2*x - 7. Give d(-8).
9
Let r(h) = 50*h**2 + 7*h + 6. Give r(-1).
49
Let b(c) = 68*c + 3. Calculate b(-1).
-65
Let o(x) = -2*x**2 + 4*x + 5. Give o(4).
-11
Let v(p) = p**2 - 7*p - 52. Determine v(13).
26
Let a(w) = -22*w**2 + w - 1. Determine a(1).
-22
Let v(u) = -6*u - 58. Determine v(-10).
2
Let b(q) = 4*q + 2. What is b(-4)?
-14
Let a(u) = -u**2 + 9*u + 58. Determine a(14).
-12
Let w(p) = -2*p**2 - 46*p - 36. What is w(-22)?
8
Let b(j) = -j**3 + 21*j**2 - 93*j + 43. Determine b(15).
-2
Let x(l) = 2*l**2 - 13*l - 7. Determine x(7).
0
Let d(g) = g - 8. Determine d(2).
-6
Let i(p) = p**3 - 2*p - 2. What is i(-1)?
-1
Let v(r) = r**2 - 22*r - 104. Give v(-4).
0
Let s(l) = -l**2 - 6*l + 13. Determine s(-7).
6
Let w(i) = 6*i**2 + 182*i + 68. Calculate w(-30).
8
Let l(t) = t - 5. Give l(-17).
-22
Let i(w) = -4*w**2 + 171*w + 30. Give i(43).
-13
Let g(w) = w**3 + 13*w**2 + 12*w. What is g(-12)?
0
Let l(y) = y**3 - 24*y**2 + 24*y - 19. Calculate l(23).
4
Let x(y) = y**2 - 5*y - 110. Calculate x(13).
-6
Let x(r) = r**2 - 8*r + 4. Calculate x(3).
-11
Let b(s) = -5*s - 10. Calculate b(7).
-45
Let p(r) = -r**2 - 94*r - 437. Determine p(-5).
8
Let f(n) = 3*n - 10. What is f(-13)?
-49
Let c(b) = -b**3 - 2*b**2 + 2*b - 12. What is c(-6)?
120
Let p(u) = -4*u + 62. Determine p(16).
-2
Let v(r) = r**3 + 14*r**2 + 2*r + 31. What is v(-14)?
3
Let o(c) = -c**3 - 2*c**2 + 10*c + 29. Give o(-3).
8
Let s(w) = -w**2 + 8*w + 57. Give s(10).
37
Let j(x) = 3*x - 9. What is j(3)?
0
Let v(j) = -4*j**2 + j + 1. Calculate v(3).
-32
Let s(u) = 45*u**2 + 6*u - 5. Calculate s(1).
46
Let x(f) = -f - 14. Give x(-10).
-4
Let v(d) = -d**2 - d + 7. What is v(2)?
1
Let x(j) = -j**2 + 17*j - 35. Determine x(16).
-19
Let a(b) = -3*b + 63. Determine a(19).
6
Let f(d) = -9*d**2 + 1. What is f(-2)?
-35
Let o(y) = -y**2 - 17*y - 45. Determine o(-19).
-83
Let y(j) = 3*j + 7. Calculate y(5).
22
Let z(v) = 14*v. What is z(-1)?
-14
Let m(d) = d**3 - 7*d**2 - 25*d + 126. Determine m(8).
-10
Le